61 divide 1732683?
True
Is 32 a factor of 1005942?
False
Is 46288579 a multiple of 15?
False
Is 347 a factor of 963857?
False
Is 290 a factor of 217896430?
True
Is 15076057 a multiple of 37?
True
Is 73370223 a multiple of 61?
False
Does 8 divide 16306484?
False
Is 6771570 a multiple of 26?
True
Is 2663833367 a multiple of 2931?
False
Does 324 divide 352939032?
True
Is 29873004 a multiple of 2038?
True
Is 1916556 a multiple of 708?
True
Is 14713 a factor of 1337897229?
True
Is 415478425 a multiple of 25?
True
Is 18 a factor of 3978154?
False
Is 18154805 a multiple of 30?
False
Is 167630463 a multiple of 2427?
True
Does 216 divide 9646102?
False
Is 4460769789 a multiple of 576?
False
Does 38 divide 1769318?
True
Is 43 a factor of 97568032?
True
Is 80 a factor of 20450012?
False
Is 18 a factor of 29203804?
False
Is 298709585 a multiple of 297?
False
Is 569363961 a multiple of 234?
False
Is 2605 a factor of 1068076050?
True
Is 91 a factor of 48365317?
True
Is 365250304 a multiple of 23?
True
Does 30 divide 219215021?
False
Is 72791114 a multiple of 292?
False
Is 1282 a factor of 18521759?
False
Does 877 divide 4882259?
True
Is 46 a factor of 1433477622?
True
Is 111731564 a multiple of 148?
True
Is 340 a factor of 123453512?
False
Does 312 divide 44672611?
False
Does 675 divide 18332935?
False
Does 102 divide 54171588?
True
Is 3662891 a multiple of 256?
False
Does 7 divide 52835643?
True
Is 6849604 a multiple of 11?
False
Is 79722984 a multiple of 4?
True
Is 125358401 a multiple of 26?
False
Does 1411 divide 16751392?
True
Is 85 a factor of 294502775?
False
Is 30347846 a multiple of 215?
False
Is 312 a factor of 21255321?
False
Is 175 a factor of 810264436?
False
Is 10773 a factor of 718584017?
False
Does 19 divide 30420522?
False
Is 2068565364 a multiple of 999?
True
Does 346 divide 37529096?
False
Does 67 divide 859675?
False
Does 1869 divide 2733240179?
False
Is 727 a factor of 33457778?
False
Does 9 divide 1161883703?
False
Does 15 divide 18942491?
False
Is 19 a factor of 64670699?
True
Is 717 a factor of 66189855?
True
Does 29 divide 1395496762?
True
Does 9 divide 595136664?
True
Is 13 a factor of 10353369?
True
Does 35 divide 1059259595?
False
Is 915090302 a multiple of 31?
True
Does 1735 divide 543554680?
True
Is 3581326904 a multiple of 71?
True
Is 130 a factor of 543479820?
True
Does 2305 divide 292529135?
False
Does 735 divide 167108?
False
Does 1009 divide 3449709149?
False
Does 38 divide 693304788?
False
Is 48055997 a multiple of 2299?
True
Does 167 divide 76402333?
True
Is 237711220 a multiple of 4?
True
Is 491 a factor of 34462145?
False
Is 284 a factor of 276038759?
False
Is 161113373 a multiple of 554?
False
Is 1534791764 a multiple of 807?
False
Does 6 divide 45543067?
False
Does 1510 divide 639880620?
True
Is 37 a factor of 191123530?
False
Is 86 a factor of 132017273?
False
Is 90 a factor of 56430?
True
Does 190 divide 925919210?
True
Is 197 a factor of 1264242772?
True
Is 489 a factor of 21220644?
True
Does 6 divide 2191525308?
True
Is 17 a factor of 342992?
True
Is 237365100 a multiple of 1322?
True
Is 274533500 a multiple of 4859?
True
Does 132 divide 2648796612?
True
Is 275794353 a multiple of 707?
False
Is 196 a factor of 544149312?
True
Does 505 divide 113613615?
False
Is 57290418 a multiple of 9?
True
Does 460 divide 29318206?
False
Is 256 a factor of 16342272?
True
Is 186 a factor of 18826215?
False
Does 281 divide 2382413?
False
Does 237 divide 30320358?
True
Is 138 a factor of 43058155?
False
Does 341 divide 352956824?
True
Is 2083286664 a multiple of 24?
True
Is 163 a factor of 15989811?
True
Is 112896082 a multiple of 442?
True
Is 1321990752 a multiple of 2032?
True
Is 3082 a factor of 1162667207?
False
Is 26188101 a multiple of 838?
False
Is 3931 a factor of 431246424?
True
Is 2953905 a multiple of 189?
False
Is 1324 a factor of 9993552?
True
Does 52 divide 23315760?
True
Does 17 divide 144177017?
True
Is 9 a factor of 41797259?
False
Is 81772360 a multiple of 230?
True
Is 1522 a factor of 3188418014?
True
Does 689 divide 77819105?
True
Is 798 a factor of 16461942?
True
Is 765462846 a multiple of 3462?
False
Is 48 a factor of 13316355?
False
Does 3 divide 41288486?
False
Is 2803 a factor of 94724582?
True
Is 212351849 a multiple of 13?
False
Is 44284820 a multiple of 3?
False
Is 34500592 a multiple of 13?
False
Does 39 divide 61990331?
False
Is 23791901 a multiple of 469?
True
Is 30 a factor of 244532250?
True
Is 22 a factor of 55338492?
True
Is 51187677 a multiple of 16?
False
Is 705 a factor of 52340610?
True
Is 52 a factor of 124307248?
True
Does 28 divide 1108856?
True
Is 543412425 a multiple of 154?
False
Does 21 divide 6473611?
False
Does 9352 divide 175055384?
False
Is 1033235434 a multiple of 1639?
True
Is 517548511 a multiple of 484?
False
Is 61 a factor of 386069305?
True
Does 358 divide 636356204?
False
Does 597 divide 240899401?
False
Is 107701412 a multiple of 301?
True
Does 3 divide 3782031?
True
Is 28 a factor of 574940599?
False
Is 12 a factor of 484120957?
False
Is 1260 a factor of 439142760?
True
Does 1380 divide 566857080?
True
Does 1503 divide 3926437?
False
Is 12 a factor of 16442138?
False
Is 8356056 a multiple of 2631?
True
Does 539 divide 15122184?
True
Is 1024762431 a multiple of 121?
True
Is 115 a factor of 916150835?
True
Does 412 divide 537817384?
True
Is 13 a factor of 6320437?
False
Is 55922333 a multiple of 10?
False
Is 18 a factor of 37720513?
False
Does 1175 divide 1208734075?
False
Does 71 divide 530446590?
False
Is 1208230217 a multiple of 181?
False
Is 175899492 a multiple of 414?
True
Is 349 a factor of 942663658?
True
Does 57 divide 20863551?
False
Does 5 divide 12864340?
True
Is 26355888 a multiple of 702?
True
Does 28 divide 63880676?
False
Is 8 a factor of 1317197?
False
Is 26 a factor of 219710301?
False
Does 3 divide 2108079?
True
Is 9743790 a multiple of 210?
True
Does 50 divide 40819154?
False
Is 192125840 a multiple of 17?
True
Does 507 divide 42664634?
False
Is 12974576 a multiple of 7?
False
Is 1180415891 a multiple of 485?
False
Is 4781 a factor of 181999573?
False
Is 15 a factor of 110980485?
True
Does 12 divide 1991979420?
True
Is 99404 a multiple of 372?
False
Does 347 divide 427202457?
True
Does 469 divide 435508710?
True
Is 172 a factor of 2784066132?
True
Is 7 a factor of 133181804?
True
Is 33 a factor of 7002832?
False
Is 126163869 a multiple of 39?
True
Does 27 divide 239599709?
False
Is 41257351 a multiple of 15?
False
Is 1728 a factor of 458773570?
False
Is 70 a factor of 321545560?
True
Does 14 divide 718268418?
True
Is 728 a factor of 55814403?
False
Is 1535 a factor of 964601675?
True
Is 133227169 a multiple of 301?
False
Is 111814776 a multiple of 138?
True
Is 204 a factor of 23092894?
False
Does 594 divide 14092056?
True
Does 17 divide 485029788?
True
Does 147 divide 489632509?
False
Is 820428091 a multiple of 5509?
False
Is 59175747 a multiple of 171?
True
Does 13 divide 314589141?
False
Is 112 a factor of 53755408?
True
Is 505201254 a multiple of 3?
True
Is 184 a factor of 11461957?
False
Is 9288630 a multiple of 197?
False
Is 7148 a factor of 770968984?
True
Is 61 a factor of 81941501?
False
Does 239 divide 173076869?
True
Does 4 divide 14673432?
True
Does 10 divide 130114650?
True
Is 1483 a factor of 82823068?
False
Is 623 a factor of 1816406340?
True
Is 2084876851 a multiple of 37?
True
Is 2526014825 a multiple of 1118?
False
Does 431 divide 91396998?
True
Is 3178013742 a multiple of 18?
True
Is 976 a factor of 23594345?
False
Does 69 divide 926791?
False
Is 54767196 a multiple of 1254?
True
Is 25 a factor of 274106675?
True
Does 396 divide 144839216?
False
Does 1605 divide 106852466?
False
Is 38 a factor of 1179060421?
False
Is 1269716760 a multiple of 12?
True
Is 258742260 a multiple of 10?
True
Is 9 a factor of 10624936?
False
Is 188241890 a multiple of 45?
False
Is 273898440 a multiple of 18?
True
Is 32169965 a multiple of 34?
False
Is 171 a factor of 41463382?
False
Is 15 a factor of 3547458?
False
Is 21 a factor of 2483335?
False
Is 135931932 a multiple of 3774?
True
Is 3 a factor of 693519?
True
Is 134 a factor of 27731970?
True
Does 701 divide 461520997?
False
Does 196 divide 71568616?
True
Is 186909502 a multiple of 13?
True
Does 3 div